{"id":127,"date":"2009-03-13T09:36:35","date_gmt":"2009-03-13T09:36:35","guid":{"rendered":"http:\/\/yachtcharter-connection.com.w01e47c6.kasserver.com\/kroatien-kornaten\/"},"modified":"2025-03-02T14:52:34","modified_gmt":"2025-03-02T12:52:34","slug":"kroatien-kornaten","status":"publish","type":"page","link":"https:\/\/yachtcharter-connection.com\/de\/kroatien-kornaten\/","title":{"rendered":"Kroatien_Kornaten"},"content":{"rendered":"<h1>Yachtcharter Kroatien Kornaten<\/h1>\n<p>&nbsp;<\/p>\n<p><iframe loading=\"lazy\" src=\"https:\/\/www.booking-manager.com\/wbm2\/page.html?companyid=662&amp;setlang=de&amp;bm_view=SearchResult&amp;filter_flexibility=in_year&amp;sortBy=11&amp;sortDirection=-1&amp;filter_country=HR\" width=\"100%\" height=\"1000\" frameborder=\"0\" scrolling=\"auto\"><\/iframe><br \/>\n&nbsp;<\/p>\n<p>\nRoute: Zadar-Kornaten-Sibenik-Zadar<br \/>\nT\u00f6rndauer: 1 Woche &ndash; Seemeilen:&nbsp; ca. 150 nm<\/p>\n<p>\n<img loading=\"lazy\" class=\"content-image\"  height=\"166\" width=\"300\" alt=\"Kroatien - Prolaz Proversa\" src=\"https:\/\/yachtcharter-connection.com\/wp-content\/uploads\/converted_files\/25814\/25814-5656b8b5abb84.jpg\" \/><b>Samstag:<\/b><br \/>\nNachmittag Check-In an der Charterbasis in Zadar, Shopping. Abendessen in der Altstadt von Zadar, unmittelbar am Wasser, an der alten Burgmauer.<\/p>\n<p><b>Sonntag :<\/b><br \/>\nLetzte Vorbereitungen, Auslaufen gegen 11:00 Uhr. <br \/>\nKurs Richtung Nordspitze der Insel Ugljan, durch den Kanal zwischen Otok Rivanj und Otok Ugljan Richtung S\u00fcden nach Iz Veli, dem Hauptort\/Dorf der Insel Iz, sehr malerisch &ndash; ca. 7 nm.<\/p>\n<p><b>Montag : <\/b><br \/>\nWeiter nach S\u00fcden in Richtung Kornaten, westlich an Otok Lavdara vorbei, durch den Prolaz-Proversa, der Engstelle zwischen der S\u00fcdspitze von Dugi Otok und der Insel Kornat. Dann&nbsp; vorbei am alten Leuchtturm auf Sestrica zur Vrulje-Bucht auf Kornat. Lunch-Stop vor der Konoba (Kneipe) &ldquo;Ante&rdquo;, bekannt f\u00fcr Fisch und K\u00e4se&nbsp; &#8211; ca. 20nm .<\/p>\n<p>Am Nachmittag weiter zur Opat-Bucht , kurz vor der S\u00fcdspitze von Kornat. Herrlicher Blick auf die Bucht, das gr\u00fcne Wasser und auf die verkarsteten H\u00fcgel von der am Hang gelegenen Konoba: Hier gibt es&nbsp; Fisch, Schwein, Huhn und K\u00e4se vom Feinsten &ndash; 5 nm.<\/p>\n<p><b>Dienstag :<\/b><br \/>\nKurs Richtung Festland nach Sibenik, durch den Kanal in die Bucht von Sibenik. Am n\u00f6rdlichen Ende der Bucht Einsteuerung in die Krka, flussaufw\u00e4rts durch die Schluchten des Balkan, vorbei an Muschelzuchtanlagen (Einkaufen f\u00fcr das Abendessen) &#8211; dann durch einen Binnensee bis zur Marina Skradin, unterhalb der Krka-Wasserf\u00e4lle, ein ganz besonderes Erlebnis &ndash; 30 nm.<\/p>\n<p><b>Mittwoch: <\/b><br \/>\nReservetag. Landausflug: Mit dem F\u00e4hrboot bis zur Landestelle unmittelbar unterhalb der Wasserf\u00e4lle. Aufstieg durch das Naturschutzgebiet&nbsp; bis zum Scheitel, R\u00fcckweg auf der gegen\u00fcberliegenden Seite, sehenswert, ca. 1&frac12; Std. <\/p>\n<p>Am Nachmittag auf eigenem Kiell zur\u00fcck durch die Krka-Schluchten, an Sibenik vorbei wieder hinaus in die Adria zur kleinen Insel Zarin (Dorfhafen mit Pier). Idyllisch &ndash; ca 12 nm.<\/p>\n<p><b>Donnerstag :<\/b><br \/>\nNach Norden zur Insel Murter, nicht in die gro\u00dfe Marina, sondern in die Zdrace Bucht, nord\u00f6stlich, in den Dorfhafen von Betina (mit Stegen) &#8211;&nbsp; 25 nm.<\/p>\n<p><b>Freitag:<\/b><br \/>\nWeiter nach Norden durch den Pasmanski-Kanal, entweder zur\u00fcck nach Zadar (25nm), oder Einlaufen in den Dorfhafen von Pasman an die Pier und Spaziergang (10 Minuten) zum Hotel an der Stra\u00dfe zum Ort Pasman (K\u00fcstenstrasse)&nbsp; &#8211; 20nm. <br \/>\nAm Nachmittag weiter nach Zadar zum Check-Out &ndash; 7 nm<\/p>\n<p><img loading=\"lazy\" class=\"content-image\"  height=\"165\" width=\"300\" alt=\"Kroatien Konoba\" src=\"https:\/\/yachtcharter-connection.com\/wp-content\/uploads\/converted_files\/25814\/25814-5656b8b6ce87d.jpg\" \/>Das Revier ist navigatorisch anspruchsvoll, es gibt nur wenige Seezeichen, daf\u00fcr aber viele Steine und Klippen. Bei solider Kartenarbeit und GPS sollte die Navigation aber kein Problem darstellen. Der hier vorgestellte T\u00f6rn vereinigt die H\u00f6hepunkte, die sich in einer Woche von Zadar aus ersegeln lassen, die Kornaten und die Reise zu den Krka-Wasserf\u00e4llen.<\/p>\n<p>Dieser T\u00f6rnplan bevorzugt die kleinen urspr\u00fcnglich gebliebenen Dorfh\u00e4fen gegen\u00fcber den gro\u00dfen Marinas, aber auch in diesen kleinen H\u00e4fen ist das Bunkern von Wasser und Treibstoff kein Problem. Bis zur H\u00e4lfte des T\u00f6rns (Skradin an der Krka) sollten f\u00fcr Fr\u00fchst\u00fcck und Lunch gen\u00fcgend Vorr\u00e4te an Bord sein, abends lohnt es sich, in die Hafenkneipen zu gehen. An der Krka sollte man unbedingt Muscheln kaufen, die Fischer bringen sie schwimmend ans Schiff.<\/p>\n<p>Die Etmale erscheinen sehr kurz, der Wind weht aber auch nicht immer wie er soll, so dass die Tagesziele gegebenenfalls auch bequem unter Motor erreicht werden k\u00f6nnen. <\/p>\n<p>Wer eine Woche l\u00e4nger segeln kann, sollte Hvar und Korcula als T\u00f6rnziele einplanen mit einem Abstecher nach Split. Das bringt dann noch mal viele Eindr\u00fccke&nbsp; &#8211; und weitere ca. 150 Seemeilen.<\/p>\n<p>Bitte bei der aktuellen T\u00f6rnplanung aktuelle \u00c4nderungen vor Ort beachten!<br \/>\n<br type=\"_moz\" \/><\/p>\n","protected":false},"excerpt":{"rendered":"<p>Yachtcharter Kroatien Kornaten &nbsp; &nbsp; Route: Zadar-Kornaten-Sibenik-Zadar T\u00f6rndauer: 1 Woche &ndash; Seemeilen:&nbsp; ca. 150 nm Samstag: Nachmittag Check-In an der Charterbasis in Zadar, Shopping. Abendessen in der Altstadt von Zadar, unmittelbar am Wasser, an der alten Burgmauer. Sonntag : Letzte Vorbereitungen, Auslaufen gegen 11:00 Uhr. Kurs Richtung Nordspitze der Insel<\/p>\n","protected":false},"author":11,"featured_media":0,"parent":0,"menu_order":0,"comment_status":"open","ping_status":"open","template":"","meta":[],"aioseo_notices":[],"_links":{"self":[{"href":"https:\/\/yachtcharter-connection.com\/de\/wp-json\/wp\/v2\/pages\/127"}],"collection":[{"href":"https:\/\/yachtcharter-connection.com\/de\/wp-json\/wp\/v2\/pages"}],"about":[{"href":"https:\/\/yachtcharter-connection.com\/de\/wp-json\/wp\/v2\/types\/page"}],"author":[{"embeddable":true,"href":"https:\/\/yachtcharter-connection.com\/de\/wp-json\/wp\/v2\/users\/11"}],"replies":[{"embeddable":true,"href":"https:\/\/yachtcharter-connection.com\/de\/wp-json\/wp\/v2\/comments?post=127"}],"version-history":[{"count":5,"href":"https:\/\/yachtcharter-connection.com\/de\/wp-json\/wp\/v2\/pages\/127\/revisions"}],"predecessor-version":[{"id":31247,"href":"https:\/\/yachtcharter-connection.com\/de\/wp-json\/wp\/v2\/pages\/127\/revisions\/31247"}],"wp:attachment":[{"href":"https:\/\/yachtcharter-connection.com\/de\/wp-json\/wp\/v2\/media?parent=127"}],"curies":[{"name":"wp","href":"https:\/\/api.w.org\/{rel}","templated":true}]}}

<h1>Yachtcharter Kroatien Kornaten</h1>
<p>&nbsp;</p>
<p><iframe loading="lazy" src="https://www.booking-manager.com/wbm2/page.html?companyid=662&amp;setlang=de&amp;bm_view=SearchResult&amp;filter_flexibility=in_year&amp;sortBy=11&amp;sortDirection=-1&amp;filter_country=HR" width="100%" height="1000" frameborder="0" scrolling="auto"></iframe><br />
&nbsp;</p>
<p>
Route: Zadar-Kornaten-Sibenik-Zadar<br />
Törndauer: 1 Woche &ndash; Seemeilen:&nbsp; ca. 150 nm</p>
<p>
<img loading="lazy" class="content-image"  height="166" width="300" alt="Kroatien - Prolaz Proversa" src="https://yachtcharter-connection.com/wp-content/uploads/converted_files/25814/25814-5656b8b5abb84.jpg" /><b>Samstag:</b><br />
Nachmittag Check-In an der Charterbasis in Zadar, Shopping. Abendessen in der Altstadt von Zadar, unmittelbar am Wasser, an der alten Burgmauer.</p>
<p><b>Sonntag :</b><br />
Letzte Vorbereitungen, Auslaufen gegen 11:00 Uhr. <br />
Kurs Richtung Nordspitze der Insel Ugljan, durch den Kanal zwischen Otok Rivanj und Otok Ugljan Richtung Süden nach Iz Veli, dem Hauptort/Dorf der Insel Iz, sehr malerisch &ndash; ca. 7 nm.</p>
<p><b>Montag : </b><br />
Weiter nach Süden in Richtung Kornaten, westlich an Otok Lavdara vorbei, durch den Prolaz-Proversa, der Engstelle zwischen der Südspitze von Dugi Otok und der Insel Kornat. Dann&nbsp; vorbei am alten Leuchtturm auf Sestrica zur Vrulje-Bucht auf Kornat. Lunch-Stop vor der Konoba (Kneipe) &ldquo;Ante&rdquo;, bekannt für Fisch und Käse&nbsp; &#8211; ca. 20nm .</p>
<p>Am Nachmittag weiter zur Opat-Bucht , kurz vor der Südspitze von Kornat. Herrlicher Blick auf die Bucht, das grüne Wasser und auf die verkarsteten Hügel von der am Hang gelegenen Konoba: Hier gibt es&nbsp; Fisch, Schwein, Huhn und Käse vom Feinsten &ndash; 5 nm.</p>
<p><b>Dienstag :</b><br />
Kurs Richtung Festland nach Sibenik, durch den Kanal in die Bucht von Sibenik. Am nördlichen Ende der Bucht Einsteuerung in die Krka, flussaufwärts durch die Schluchten des Balkan, vorbei an Muschelzuchtanlagen (Einkaufen für das Abendessen) &#8211; dann durch einen Binnensee bis zur Marina Skradin, unterhalb der Krka-Wasserfälle, ein ganz besonderes Erlebnis &ndash; 30 nm.</p>
<p><b>Mittwoch: </b><br />
Reservetag. Landausflug: Mit dem Fährboot bis zur Landestelle unmittelbar unterhalb der Wasserfälle. Aufstieg durch das Naturschutzgebiet&nbsp; bis zum Scheitel, Rückweg auf der gegenüberliegenden Seite, sehenswert, ca. 1&frac12; Std. </p>
<p>Am Nachmittag auf eigenem Kiell zurück durch die Krka-Schluchten, an Sibenik vorbei wieder hinaus in die Adria zur kleinen Insel Zarin (Dorfhafen mit Pier). Idyllisch &ndash; ca 12 nm.</p>
<p><b>Donnerstag :</b><br />
Nach Norden zur Insel Murter, nicht in die große Marina, sondern in die Zdrace Bucht, nordöstlich, in den Dorfhafen von Betina (mit Stegen) &#8211;&nbsp; 25 nm.</p>
<p><b>Freitag:</b><br />
Weiter nach Norden durch den Pasmanski-Kanal, entweder zurück nach Zadar (25nm), oder Einlaufen in den Dorfhafen von Pasman an die Pier und Spaziergang (10 Minuten) zum Hotel an der Straße zum Ort Pasman (Küstenstrasse)&nbsp; &#8211; 20nm. <br />
Am Nachmittag weiter nach Zadar zum Check-Out &ndash; 7 nm</p>
<p><img loading="lazy" class="content-image"  height="165" width="300" alt="Kroatien Konoba" src="https://yachtcharter-connection.com/wp-content/uploads/converted_files/25814/25814-5656b8b6ce87d.jpg" />Das Revier ist navigatorisch anspruchsvoll, es gibt nur wenige Seezeichen, dafür aber viele Steine und Klippen. Bei solider Kartenarbeit und GPS sollte die Navigation aber kein Problem darstellen. Der hier vorgestellte Törn vereinigt die Höhepunkte, die sich in einer Woche von Zadar aus ersegeln lassen, die Kornaten und die Reise zu den Krka-Wasserfällen.</p>
<p>Dieser Törnplan bevorzugt die kleinen ursprünglich gebliebenen Dorfhäfen gegenüber den großen Marinas, aber auch in diesen kleinen Häfen ist das Bunkern von Wasser und Treibstoff kein Problem. Bis zur Hälfte des Törns (Skradin an der Krka) sollten für Frühstück und Lunch genügend Vorräte an Bord sein, abends lohnt es sich, in die Hafenkneipen zu gehen. An der Krka sollte man unbedingt Muscheln kaufen, die Fischer bringen sie schwimmend ans Schiff.</p>
<p>Die Etmale erscheinen sehr kurz, der Wind weht aber auch nicht immer wie er soll, so dass die Tagesziele gegebenenfalls auch bequem unter Motor erreicht werden können. </p>
<p>Wer eine Woche länger segeln kann, sollte Hvar und Korcula als Törnziele einplanen mit einem Abstecher nach Split. Das bringt dann noch mal viele Eindrücke&nbsp; &#8211; und weitere ca. 150 Seemeilen.</p>
<p>Bitte bei der aktuellen Törnplanung aktuelle Änderungen vor Ort beachten!<br />
<br type="_moz" /></p>

<p>Yachtcharter Kroatien Kornaten &nbsp; &nbsp; Route: Zadar-Kornaten-Sibenik-Zadar Törndauer: 1 Woche &ndash; Seemeilen:&nbsp; ca. 150 nm Samstag: Nachmittag Check-In an der Charterbasis in Zadar, Shopping. Abendessen in der Altstadt von Zadar, unmittelbar am Wasser, an der alten Burgmauer. Sonntag : Letzte Vorbereitungen, Auslaufen gegen 11:00 Uhr. Kurs Richtung Nordspitze der Insel</p>
