{"id":2901,"date":"2015-08-10T05:53:53","date_gmt":"2015-08-10T05:53:53","guid":{"rendered":"http:\/\/yachtcharter-connection.com.w01e47c6.kasserver.com\/azoren-faial-horta\/"},"modified":"2017-07-13T03:34:01","modified_gmt":"2017-07-13T01:34:01","slug":"azoren-faial-horta","status":"publish","type":"page","link":"https:\/\/yachtcharter-connection.com\/de\/regionen\/atlantik-westeuropa\/yachtcharter-azoren\/azoren-faial-horta\/","title":{"rendered":"Azoren \/ Faial \/ Horta"},"content":{"rendered":"<h3>Yachtcharter Azoren \/ Faial &#8211; Horta<\/h3>\n<p><img class=\"content-image\"  src=\"https:\/\/yachtcharter-connection.com\/wp-content\/uploads\/converted_files\/29778\/29778-5624e40d2630c.jpg\" alt=\"Azoren-Horta-Yachtcharter-Azoren-Horta.jpg\" style=\"width: 300px; height: 197px;\" \/>Die Insel Faial gilt als kulturelles und politisches Zentrum der Azoren. Das f\u00fcnfeckige Eiland wird wegen der F\u00fclle von blauen Hortensien, die im Sommer bl\u00fchen auch &bdquo;Blaue Insel&ldquo; (Ilha Azul) genannt. Landschaftlich wird Faial von der hochgelegenen Krater-Ebene Caldeira dominiert. Vulkan-Eruptionen haben das Bild der Insel mit gepr\u00e4gt &ndash; ein Leuchtturm ragt seit einem Erdbeben in den f\u00fcnfziger Jahren des 20. Jahrhundert nur noch mit seinem obersten  Stockwerk heraus. Das kaum besiedelte Hochland und der Norden sind dicht bewachsen. Die K\u00fcstenlinie wird \u00fcberwiegend von steilen Felsen und kleinen Buchten gekennzeichnet. Die sch\u00f6nsten Badestr\u00e4nde liegen in der N\u00e4he von Horta im S\u00fcdwesten Faials. Hier leben auch die meisten der 15.000 Einwohner der Insel.<\/p>\n<p>Faials Inselhauptstadt Horta gilt als der sch\u00f6nste Ort der Azoren, mit klassischer Architektur und interessanter Geschichte.  Die transatlantischen Telegraphenkabel machten Horta zeitweilig zu einem weltweiten Kommunikationszentrum, Wasserflugzeuge legten auf ihren Transatlantikfl\u00fcgen hier in der Bucht einen Zwischenstopp ein, und im zweiten Weltkrieg war der Hafen wichtige Basis f\u00fcr Kriegsschiffe der Alliierten. Heute bietet das lebhafte St\u00e4dtchen Touristen, Kreuzfahrern und Yachtcharter Horta-Crews internationales Flair, viele Einkaufsm\u00f6glichkeiten, und charmante Caf\u00e9s und Restaurants.<\/p>\n<p>F\u00fcr Atlantik-Segler ist Horta ein wichtiger Anlaufpunkt. Hier treffen sich Crews aus aller Welt &ndash; legend\u00e4r als Treffpunkt ist Peter&lsquo;s Cafe Sport im Hafen. An der Pier haben sich zahllose Segler vor ihrer Weiterreise mit Graffiti und Signaturen verewigt.  Die Marina in Horta gilt als gr\u00f6\u00dfte der Azoren und bietet Yachtcharter Azoren-Crews alle wichtigen Serviceleistungen.<\/p>\n<p><strong>Charteryachten Azoren &ndash; Faial &ndash; Horta:<\/strong> F\u00fcr Yachtcharter Azoren-Crews stehen in der Marina Horta auf Faial \u00fcberwiegend moderne Segelyachten des Herstellers Dufour zu Verf\u00fcgung.<\/p>\n","protected":false},"excerpt":{"rendered":"<p>Yachtcharter Azoren \/ Faial &#8211; Horta Die Insel Faial gilt als kulturelles und politisches Zentrum der Azoren. Das f\u00fcnfeckige Eiland wird wegen der F\u00fclle von blauen Hortensien, die im Sommer bl\u00fchen auch &bdquo;Blaue Insel&ldquo; (Ilha Azul) genannt. Landschaftlich wird Faial von der hochgelegenen Krater-Ebene Caldeira dominiert. Vulkan-Eruptionen haben das Bild<\/p>\n","protected":false},"author":11,"featured_media":0,"parent":823,"menu_order":0,"comment_status":"open","ping_status":"open","template":"","meta":[],"aioseo_notices":[],"_links":{"self":[{"href":"https:\/\/yachtcharter-connection.com\/de\/wp-json\/wp\/v2\/pages\/2901"}],"collection":[{"href":"https:\/\/yachtcharter-connection.com\/de\/wp-json\/wp\/v2\/pages"}],"about":[{"href":"https:\/\/yachtcharter-connection.com\/de\/wp-json\/wp\/v2\/types\/page"}],"author":[{"embeddable":true,"href":"https:\/\/yachtcharter-connection.com\/de\/wp-json\/wp\/v2\/users\/11"}],"replies":[{"embeddable":true,"href":"https:\/\/yachtcharter-connection.com\/de\/wp-json\/wp\/v2\/comments?post=2901"}],"version-history":[{"count":1,"href":"https:\/\/yachtcharter-connection.com\/de\/wp-json\/wp\/v2\/pages\/2901\/revisions"}],"predecessor-version":[{"id":13577,"href":"https:\/\/yachtcharter-connection.com\/de\/wp-json\/wp\/v2\/pages\/2901\/revisions\/13577"}],"up":[{"embeddable":true,"href":"https:\/\/yachtcharter-connection.com\/de\/wp-json\/wp\/v2\/pages\/823"}],"wp:attachment":[{"href":"https:\/\/yachtcharter-connection.com\/de\/wp-json\/wp\/v2\/media?parent=2901"}],"curies":[{"name":"wp","href":"https:\/\/api.w.org\/{rel}","templated":true}]}}

<h3>Yachtcharter Azoren / Faial &#8211; Horta</h3>
<p><img class="content-image"  src="https://yachtcharter-connection.com/wp-content/uploads/converted_files/29778/29778-5624e40d2630c.jpg" alt="Azoren-Horta-Yachtcharter-Azoren-Horta.jpg" style="width: 300px; height: 197px;" />Die Insel Faial gilt als kulturelles und politisches Zentrum der Azoren. Das fünfeckige Eiland wird wegen der Fülle von blauen Hortensien, die im Sommer blühen auch &bdquo;Blaue Insel&ldquo; (Ilha Azul) genannt. Landschaftlich wird Faial von der hochgelegenen Krater-Ebene Caldeira dominiert. Vulkan-Eruptionen haben das Bild der Insel mit geprägt &ndash; ein Leuchtturm ragt seit einem Erdbeben in den fünfziger Jahren des 20. Jahrhundert nur noch mit seinem obersten  Stockwerk heraus. Das kaum besiedelte Hochland und der Norden sind dicht bewachsen. Die Küstenlinie wird überwiegend von steilen Felsen und kleinen Buchten gekennzeichnet. Die schönsten Badestrände liegen in der Nähe von Horta im Südwesten Faials. Hier leben auch die meisten der 15.000 Einwohner der Insel.</p>
<p>Faials Inselhauptstadt Horta gilt als der schönste Ort der Azoren, mit klassischer Architektur und interessanter Geschichte.  Die transatlantischen Telegraphenkabel machten Horta zeitweilig zu einem weltweiten Kommunikationszentrum, Wasserflugzeuge legten auf ihren Transatlantikflügen hier in der Bucht einen Zwischenstopp ein, und im zweiten Weltkrieg war der Hafen wichtige Basis für Kriegsschiffe der Alliierten. Heute bietet das lebhafte Städtchen Touristen, Kreuzfahrern und Yachtcharter Horta-Crews internationales Flair, viele Einkaufsmöglichkeiten, und charmante Cafés und Restaurants.</p>
<p>Für Atlantik-Segler ist Horta ein wichtiger Anlaufpunkt. Hier treffen sich Crews aus aller Welt &ndash; legendär als Treffpunkt ist Peter&lsquo;s Cafe Sport im Hafen. An der Pier haben sich zahllose Segler vor ihrer Weiterreise mit Graffiti und Signaturen verewigt.  Die Marina in Horta gilt als größte der Azoren und bietet Yachtcharter Azoren-Crews alle wichtigen Serviceleistungen.</p>
<p><strong>Charteryachten Azoren &ndash; Faial &ndash; Horta:</strong> Für Yachtcharter Azoren-Crews stehen in der Marina Horta auf Faial überwiegend moderne Segelyachten des Herstellers Dufour zu Verfügung.</p>

<p>Yachtcharter Azoren / Faial &#8211; Horta Die Insel Faial gilt als kulturelles und politisches Zentrum der Azoren. Das fünfeckige Eiland wird wegen der Fülle von blauen Hortensien, die im Sommer blühen auch &bdquo;Blaue Insel&ldquo; (Ilha Azul) genannt. Landschaftlich wird Faial von der hochgelegenen Krater-Ebene Caldeira dominiert. Vulkan-Eruptionen haben das Bild</p>
