{"id":728,"date":"2015-08-10T05:53:37","date_gmt":"2015-08-10T05:53:37","guid":{"rendered":"http:\/\/yachtcharter-connection.com.w01e47c6.kasserver.com\/alquiler-barcos-azores\/"},"modified":"2016-10-29T19:03:45","modified_gmt":"2016-10-29T17:03:45","slug":"alquiler-barcos-azores","status":"publish","type":"page","link":"https:\/\/yachtcharter-connection.com\/es\/regiones\/atlantico-europa-occidental\/alquiler-barcos-azores\/","title":{"rendered":"Azores"},"content":{"rendered":"<h3>Alquiler de barcos Azores<\/h3>\n<p>\n<img class=\"content-image\"  style=\"width: 300px; height: 225px;\" alt=\"Azores-Horta-puerto-Pico-alquiler-de-barcos-Horta.jpg\" src=\"https:\/\/yachtcharter-connection.com\/wp-content\/uploads\/converted_files\/29762\/29762-5624b1c5bf466.jpg\" \/>En el Oc\u00e9ano Atl\u00e1ntico, unas 760 millas n\u00e1uticas al oeste de Europa , y m\u00e1s de 2.100 millas n\u00e1uticas al este del Am\u00e9rica del Norte, hay el archipi\u00e9lago de las Azores &#8211; una <a href=\"~\/Alquiler_barcos_portugal.html\">regi\u00f3n aut\u00f3noma de Portugal<\/a>, puesto de avanzada occidental de la Uni\u00f3n Europea. La mayor\u00eda de los navegantes conocen las &quot;islas de halc\u00f3n &quot; ( Ilhas dos A\u00e7ores ), principalmente  de la previsi\u00f3n del tiempo , cuando una vez m\u00e1s a Azores estables altos proporcionan un clima agradable en Europa Central. Muchos navegantes hacen una escala en las Azores durante su traves\u00eda del Atl\u00e1ntico , preferentemente en Horta, en la isla de Faial. Para alquiler de yates en las Azores, hay una peque\u00f1a flota de veleros disponibles.<\/p>\n<p>Las nueve islas principales de las Azores se dividen en tres grupos: el &quot;Grupo Ocidental&quot; en el noroeste de Flores y Corvo , el &quot;Grupo Oriental&quot; en el sureste y el &quot;Grupo central&quot;. En el sureste , hay la isla m\u00e1s grande y principal de Sao Miguel con la capital de Ponta Delgada, la isla de Santa Mar\u00eda , y el archipi\u00e9lago deshabitado de Formigas . El grupo central , que es particularmente interesante para los marienros , est\u00e1 formado por la isla de Faial, con la capital muy bien conocida de Horta, Pico , Sao Jorge , Graciosa y Terceira . Entre Corvo en el noroeste y Santa Mar\u00eda , en el sureste del archipi\u00e9lago, la distancia es de unos 340 millas n\u00e1uticas. Aproximadamente el 20 por ciento de los aproximadamente 250.000 habitantes viven en la capital, Ponta Delgada.<\/p>\n<p>Las Azores han sido colonizadas por los portugueses en el medio del siglo 15. Si bien la agricultura previamente con el cultivo de la ca\u00f1a de az\u00facar , naranjas y pi\u00f1as , tabaco y t\u00e9 era la principal fuente de ingresos, m\u00e1s tarde, los habitantes reforzaron el comercio y la caza de ballenas &#8211; ahora viven de la ganader\u00eda , el turismo y especialmente el ecoturismo se vuelve m\u00e1s y m\u00e1s importante. Los turistas tambi\u00e9n pueden ver m\u00e1s de treinta especies de ballenas y delfines.<\/p>\n<p>Debido a la Corriente del Golfo, hay un clima relativamente suave durante todo el a\u00f1o en las Azores : con una media de 13 grados en invierno y 23 grados en el verano, y las temperaturas del agua entre 18 y 24 grados. Hay  vegetaci\u00f3n exuberante y tambi\u00e9n formaciones volc\u00e1nicas m\u00e1s desnudas &#8211; terremotos y erupciones volc\u00e1nicas en las Azores no son raros, incluso en la historia reciente.<\/p>\n<p>Equipos de ch\u00e1rter de yates en Azores llegan a las Azores a trav\u00e9s del aeropuerto internacional de Ponte Delgada Joao Paulo II ( PDL) y los aeropuertos regionales en las otras 8 islas, las cuales tambi\u00e9n est\u00e1n conectadas por los ferries .<\/p>\n<p>Para ch\u00e1rter de yates sin patr\u00f3n en las Azores , solo desde 2011 hay una base de ch\u00e1rter con algunos veleros. Los marineros pueden hacer el embarque en las tres islas del &quot;Grupo central &quot; en las bases de <a href=\"~\/Alquiler_barcos_portugal\/azores_faial_horta.html\">charter en el puerto deportivo de Horta, en la isla de Faial <\/a>,en<a href=\"https:\/\/yachtcharter-connection.com\/wp-content\/uploads\/converted_files\/29762\/29762-5624b1c9b7c8b.jpg\"> Velas en San Jorge<\/a> y en la <a href=\"~\/Alquiler_barcos_portugal\/azores_isla_del_pico.html\">Marina en Lajes do Pico<\/a>.<\/p>\n<table  class=\"RegionsAndSubregions\" cellspacing=\"0\" border=\"0\" style=\"border-collapse:collapse;\">\n<tbody>\n<tr>\n<td>\n<div class=\"SubregionRepeaterTitle\">\n<h2> Azores <\/h2>\n<\/div>\n<div class=\"SmallLinks\">\n<ul>\n<li><a class=\"SmallLinks\" href=\"https:\/\/yachtcharter-connection.com\/azores-faial-horta-656\" title=\"\"> Azores  \/ Faial \/ Horta <\/a><\/li>\n<li><a class=\"SmallLinks\" href=\"https:\/\/yachtcharter-connection.com\/alquiler-barcos-azores-s%c3%a3o-miguel-ponta-delgada\" title=\"\"> Azores  \/ S\u00e3o Miguel \/ Ponta Delgada <\/a><\/li>\n<li><a class=\"SmallLinks\" href=\"https:\/\/yachtcharter-connection.com\/alquiler-barcos-azores-santa-maria-vila-do-porto\" title=\"\"> Azores \/ Santa Maria \/ Vila do Porto <\/a><\/li>\n<li><a class=\"SmallLinks\" href=\"https:\/\/yachtcharter-connection.com\/azores-s%c3%a3o-jorge-velas-947\" title=\"\"> Azores \/ S\u00e3o Jorge \/ Velas <\/a><\/li>\n<\/ul>\n<\/div>\n<\/td>\n<\/tr>\n<\/tbody>\n<\/table>\n","protected":false},"excerpt":{"rendered":"<p>Alquiler de barcos Azores En el Oc\u00e9ano Atl\u00e1ntico, unas 760 millas n\u00e1uticas al oeste de Europa , y m\u00e1s de 2.100 millas n\u00e1uticas al este del Am\u00e9rica del Norte, hay el archipi\u00e9lago de las Azores &#8211; una regi\u00f3n aut\u00f3noma de Portugal, puesto de avanzada occidental de la Uni\u00f3n Europea. La<\/p>\n","protected":false},"author":11,"featured_media":0,"parent":529,"menu_order":0,"comment_status":"open","ping_status":"open","template":"","meta":[],"aioseo_notices":[],"_links":{"self":[{"href":"https:\/\/yachtcharter-connection.com\/es\/wp-json\/wp\/v2\/pages\/728"}],"collection":[{"href":"https:\/\/yachtcharter-connection.com\/es\/wp-json\/wp\/v2\/pages"}],"about":[{"href":"https:\/\/yachtcharter-connection.com\/es\/wp-json\/wp\/v2\/types\/page"}],"author":[{"embeddable":true,"href":"https:\/\/yachtcharter-connection.com\/es\/wp-json\/wp\/v2\/users\/11"}],"replies":[{"embeddable":true,"href":"https:\/\/yachtcharter-connection.com\/es\/wp-json\/wp\/v2\/comments?post=728"}],"version-history":[{"count":1,"href":"https:\/\/yachtcharter-connection.com\/es\/wp-json\/wp\/v2\/pages\/728\/revisions"}],"predecessor-version":[{"id":13875,"href":"https:\/\/yachtcharter-connection.com\/es\/wp-json\/wp\/v2\/pages\/728\/revisions\/13875"}],"up":[{"embeddable":true,"href":"https:\/\/yachtcharter-connection.com\/es\/wp-json\/wp\/v2\/pages\/529"}],"wp:attachment":[{"href":"https:\/\/yachtcharter-connection.com\/es\/wp-json\/wp\/v2\/media?parent=728"}],"curies":[{"name":"wp","href":"https:\/\/api.w.org\/{rel}","templated":true}]}}

<h3>Alquiler de barcos Azores</h3>
<p>
<img class="content-image"  style="width: 300px; height: 225px;" alt="Azores-Horta-puerto-Pico-alquiler-de-barcos-Horta.jpg" src="https://yachtcharter-connection.com/wp-content/uploads/converted_files/29762/29762-5624b1c5bf466.jpg" />En el Océano Atlántico, unas 760 millas náuticas al oeste de Europa , y más de 2.100 millas náuticas al este del América del Norte, hay el archipiélago de las Azores &#8211; una <a href="~/Alquiler_barcos_portugal.html">región autónoma de Portugal</a>, puesto de avanzada occidental de la Unión Europea. La mayoría de los navegantes conocen las &quot;islas de halcón &quot; ( Ilhas dos Açores ), principalmente  de la previsión del tiempo , cuando una vez más a Azores estables altos proporcionan un clima agradable en Europa Central. Muchos navegantes hacen una escala en las Azores durante su travesía del Atlántico , preferentemente en Horta, en la isla de Faial. Para alquiler de yates en las Azores, hay una pequeña flota de veleros disponibles.</p>
<p>Las nueve islas principales de las Azores se dividen en tres grupos: el &quot;Grupo Ocidental&quot; en el noroeste de Flores y Corvo , el &quot;Grupo Oriental&quot; en el sureste y el &quot;Grupo central&quot;. En el sureste , hay la isla más grande y principal de Sao Miguel con la capital de Ponta Delgada, la isla de Santa María , y el archipiélago deshabitado de Formigas . El grupo central , que es particularmente interesante para los marienros , está formado por la isla de Faial, con la capital muy bien conocida de Horta, Pico , Sao Jorge , Graciosa y Terceira . Entre Corvo en el noroeste y Santa María , en el sureste del archipiélago, la distancia es de unos 340 millas náuticas. Aproximadamente el 20 por ciento de los aproximadamente 250.000 habitantes viven en la capital, Ponta Delgada.</p>
<p>Las Azores han sido colonizadas por los portugueses en el medio del siglo 15. Si bien la agricultura previamente con el cultivo de la caña de azúcar , naranjas y piñas , tabaco y té era la principal fuente de ingresos, más tarde, los habitantes reforzaron el comercio y la caza de ballenas &#8211; ahora viven de la ganadería , el turismo y especialmente el ecoturismo se vuelve más y más importante. Los turistas también pueden ver más de treinta especies de ballenas y delfines.</p>
<p>Debido a la Corriente del Golfo, hay un clima relativamente suave durante todo el año en las Azores : con una media de 13 grados en invierno y 23 grados en el verano, y las temperaturas del agua entre 18 y 24 grados. Hay  vegetación exuberante y también formaciones volcánicas más desnudas &#8211; terremotos y erupciones volcánicas en las Azores no son raros, incluso en la historia reciente.</p>
<p>Equipos de chárter de yates en Azores llegan a las Azores a través del aeropuerto internacional de Ponte Delgada Joao Paulo II ( PDL) y los aeropuertos regionales en las otras 8 islas, las cuales también están conectadas por los ferries .</p>
<p>Para chárter de yates sin patrón en las Azores , solo desde 2011 hay una base de chárter con algunos veleros. Los marineros pueden hacer el embarque en las tres islas del &quot;Grupo central &quot; en las bases de <a href="~/Alquiler_barcos_portugal/azores_faial_horta.html">charter en el puerto deportivo de Horta, en la isla de Faial </a>,en<a href="https://yachtcharter-connection.com/wp-content/uploads/converted_files/29762/29762-5624b1c9b7c8b.jpg"> Velas en San Jorge</a> y en la <a href="~/Alquiler_barcos_portugal/azores_isla_del_pico.html">Marina en Lajes do Pico</a>.</p>
<table  class="RegionsAndSubregions" cellspacing="0" border="0" style="border-collapse:collapse;">
<tbody>
<tr>
<td>
<div class="SubregionRepeaterTitle">
<h2> Azores </h2>
</div>
<div class="SmallLinks">
<ul>
<li><a class="SmallLinks" href="https://yachtcharter-connection.com/azores-faial-horta-656" title=""> Azores  / Faial / Horta </a></li>
<li><a class="SmallLinks" href="https://yachtcharter-connection.com/alquiler-barcos-azores-s%c3%a3o-miguel-ponta-delgada" title=""> Azores  / São Miguel / Ponta Delgada </a></li>
<li><a class="SmallLinks" href="https://yachtcharter-connection.com/alquiler-barcos-azores-santa-maria-vila-do-porto" title=""> Azores / Santa Maria / Vila do Porto </a></li>
<li><a class="SmallLinks" href="https://yachtcharter-connection.com/azores-s%c3%a3o-jorge-velas-947" title=""> Azores / São Jorge / Velas </a></li>
</ul>
</div>
</td>
</tr>
</tbody>
</table>

<p>Alquiler de barcos Azores En el Océano Atlántico, unas 760 millas náuticas al oeste de Europa , y más de 2.100 millas náuticas al este del América del Norte, hay el archipiélago de las Azores &#8211; una región autónoma de Portugal, puesto de avanzada occidental de la Unión Europea. La</p>
